11111011
What is -37080 (base 10) in base 11?
-2594a
Convert -5403 (base 7) to base 14.
-9aa
What is 1525 (base 7) in base 14?
315
44242 (base 5) to base 13
1524
What is 10441 (base 5) in base 14?
3b4
What is 48887 (base 9) in base 5?
2022203
Convert 4528 (base 13) to base 8.
22703
-1572 (base 8) to base 4
-31322
Convert 185 (base 15) to base 9.
428
-d61 (base 16) to base 12
-1b95
Convert -1795 (base 16) to base 8.
-13625
-a103 (base 12) to base 10
-17427
Convert -53554 (base 10) to base 13.
-1b4b7
10e (base 16) to base 10
270
What is -381a0 (base 11) in base 3?
-2210011201
e53 (base 15) to base 6
22540
Convert 4515 (base 7) to base 5.
23004
What is -15362 (base 8) in base 11?
-5201
What is 1001 (base 10) in base 14?
517
Convert 890 (base 13) to base 2.
10110111101
What is a70 (base 12) in base 15?
6b9
What is 24 (base 12) in base 2?
11100
-9417 (base 11) to base 5
-344411
What is 4055 (base 6) in base 9?
1208
What is -100ac (base 14) in base 10?
-38568
What is 11bc0 (base 15) in base 13?
1ca31
255 (base 10) to base 13
168
What is 2008b (base 13) in base 3?
2220111220
Convert -37171 (base 10) to base 3.
-1212222201
-308 (base 13) to base 10
-515
Convert 3996 (base 13) to base 2.
10000000101011
Convert -1344234 (base 5) to base 7.
-144556
Convert -33b0 (base 12) to base 16.
-1674
441403 (base 5) to base 4
3231330
-216d (base 14) to base 9
-7833
What is -345040 (base 6) in base 5?
-1421431
What is 1011110010 (base 2) in base 7?
2125
Convert -250042 (base 6) to base 16.
-562a
-3278 (base 9) to base 13
-1142
201035 (base 7) to base 8
102277
135033 (base 7) to base 13
b949
Convert 14503 (base 6) to base 11.
1840
Convert -17c (base 13) to base 3.
-101002
Convert 1823 (base 16) to base 14.
2375
Convert 54125 (base 6) to base 5.
214042
3365 (base 11) to base 4
1011023
-a440 (base 14) to base 4
-12321320
Convert -41140 (base 5) to base 13.
-12a5
-2141241 (base 5) to base 7
-213036
What is 1303 (base 9) in base 12?
693
What is 211203 (base 4) in base 12?
1483
Convert 1100010100011 (base 2) to base 10.
6307
Convert -3bf2 (base 16) to base 6.
-155014
What is 17172 (base 8) in base 3?
101200222
What is -518 (base 9) in base 14?
-222
What is -24939 (base 10) in base 15?
-75c9
245315 (base 6) to base 3
1010002102
-3d7 (base 14) to base 5
-11102
30304 (base 8) to base 5
344414
Convert 80 (base 16) to base 4.
2000
-1411550 (base 6) to base 8
-233172
What is -11110010101101 (base 2) in base 5?
-444113
-12511 (base 6) to base 7
-5404
Convert 1c68 (base 14) to base 2.
1010001000100
1211222 (base 3) to base 12
945
What is -1047 (base 11) in base 7?
-4013
10796 (base 14) to base 6
504452
Convert 1020120020 (base 3) to base 8.
57624
4793 (base 16) to base 12
a72b
Convert 1157 (base 8) to base 5.
4443
What is -2476 (base 11) in base 7?
-12262
Convert 133041 (base 5) to base 8.
12424
3d1d (base 16) to base 15
4980
-10302002 (base 4) to base 10
-19586
Convert 6187 (base 10) to base 15.
1c77
What is -1eb5 (base 15) in base 5?
-203240
What is 1113310 (base 4) in base 8?
12764
821 (base 10) to base 16
335
Convert -123042 (base 5) to base 7.
-16625
What is -25315 (base 6) in base 8?
-7317
What is -1124 (base 13) in base 14?
-c32
884 (base 12) to base 9
1641
What is 3322 (base 16) in base 9?
18854
What is -2101120 (base 3) in base 8?
-3317
What is -7123 (base 11) in base 9?
-13874
Convert 1000101110000 (base 2) to base 12.
2700
Convert 1a33 (base 12) to base 2.
110010000111
What is 3560 (base 9) in base 12?
1646
Convert 6737 (base 16) to base 11.
18941
What is -1231333 (base 4) in base 2?
-1101101111111
Convert -54a (base 11) to base 2.
-1010010011
Convert -12122211 (base 3) to base 8.
-10036
Convert 7408 (base 12) to base 8.
30610
What is 8c (base 16) in base 5?
1030
What is -49cb (base 13) in base 9?
-15330
What is -5240 (base 8) in base 3?
-10201202
-8033 (base 10) to base 2
-1111101100001
Convert 102100 (base 3) to base 7.
615
-1111111001 (base 2) to base 3
-1101200
418 (base 14) to base 16
326
Convert -733 (base 9) to base 12.
-419
What is -1220321 (base 4) in base 2?
-1101000111001
What is -232 (base 8) in base 4?
-2122
-1b8c (base 16) to base 5
-211202
-6908 (base 11) to base 8
-21573
Convert -1110100110 (base 2) to base 7.
-2503
What is 340404 (base 5) in base 7?
46632
1110010010101 (base 2) to base 6
53513
15315 (base 6) to base 16
9bf
Convert -2222202 (base 3) to base 10.
-2180
2670 (base 8) to base 13
888
What is 75 (base 14) in base 6?
251
Convert 255 (base 9) to base 5.
1322
What is -424 (base 15) in base 13?
-56b
What is -3 (base 4) in base 13?
-3
What is 17886 (base 9) in base 13?
5841
What is -10100000001010 (base 2) in base 8?
-24012
-4622 (base 13) to base 9
-14432
30832 (base 12) to base 4
33132212
Convert -213244 (base 5) to base 4.
-1302130
13184 (base 9) to base 12
51a1
Convert 1310 (base 7) to base 5.
3442
10743 (base 9) to base 11
5426
Convert -cf (base 16) to base 8.
-317
Convert 477 (base 8) to base 2.
100111111
-1610 (base 9) to base 11
-a13
What is -11200 (base 3) in base 16?
-7e
b88 (base 15) to base 11
1a57
What is -3623 (base 11) in base 9?
-6451
What is -28065 (base 12) in base 4?
-31201031
Convert -496 (base 11) to base 13.
-364
437 (base 16) to base 15
4be
What is 4613 (base 10) in base 2?
1001000000101
What is 12 (base 16) in base 14?
14
-733 (base 16) to base 4
-130303
Convert -85 (base 9) to base 14.
-57
What is -3822 (base 9) in base 7?
-11216
-334 (base 11) to base 16
-190
2122012 (base 3) to base 6
12522
2386 (base 10) to base 15
a91
-7455 (base 9) to base 16
-1565
What is 2302 (base 10) in base 3?
10011021
1103113 (base 4) to base 5
132320
Convert 3362 (base 8) to base 5.
24103
11523 (base 9) to base 4
1320210
-33211 (base 6) to base 13
-2140
What is 432440 (base 5) in base 11?
10095
Convert -a5 (base 16) to base 2.
-10100101
164420 (base 7) to base 10
32795
-b113 (base 15) to base 5
-2143433
888 (base 16) to base 10
2184
What is 2c (base 14) in base 4?
220
Convert 1233 (base 7) to base 5.
3330
-c789 (base 13) to base 10
-27660
Convert b19 (base 15) to base 14.
ca7
Convert 16839 (base 13) to base 4.
22202013
10635 (base 9) to base 16
1ba7
-4532 (base 6) to base 16
-428
Convert -20076 (base 8) to base 13.
-39ac
1004 (base 6) to base 14
11a
What is 5b5 (base 16) in base 11?
1109
Convert c80 (base 15) to base 3.
10212110
What is -6806 (base 15) in base 9?
-33226
20441 (base 5) to base 13
816
What is 212201 (base 4) in base 3?
10101022
-12200 (base 3) to base 2
-10011001
What is -3504 (base 12) in base 6?
-43204
What is 14220 (base 5) in base 14?
609
Convert 202120 (base 3) to base 2.
1000101011
Convert 2153 (base 6) to base 8.
765
Convert -21412 (base 6) to base 2.
-101110010000
-8646 (base 12) to base 10
-14742
What is 1379 (base 11) in base 9?
2387
-1110 (base 8) to base 12
-408
-10110020 (base 3) to base 16
-9d5
What is 1442 (base 14) in base 7?
13312
13607 (base 12) to base 3
1100202021
Convert 59a (base 12) to base 15.
3ad
Convert 17730 (base 9) to base 10.
12258
What is 35340 (base 6) in base 7?
20604
Convert cc4b (base 13) to base 9.
43026
What is -242003 (base 6) in base 16?
-52b3
What is 110100000 (base 2) in base 12?
2a8
Convert 4993 (base 12) to base 4.
2001333
Convert 276a (base 12) to base 4.
1013002
What is ebdc (base 15) in base 13?
1995c
What is 3310 (base 5) in base 4?
13013
-538 (base 10) to base 6
-2254
53516 (base 7) to base 9
20208
What is -b9b (base 13) in base 6?
-13111
Convert 6646 (base 10) to base 11.
4aa2
What is 142 (base 7) in base 2?
1001111
Convert 11011000 (base 2) to base 8.
330
Convert -1611 (base 12) to base 2.
-101000101101
6724 (base 10) to base 8
15104
What is -642 (base 13) in base 3?
-1110120
Convert -e48 (base 16) to base 7.
-13442
-1289 (base 15) to base 16
-f72
Convert -35 (base 12) to base 3.
-1112
-42145 (base 6) to base 2
-1011000110001
40730 (base 8) to base 10
16856
What is 15 (base 8) in base 4?
31
What is -216 (base 9) in base 4?
-2301
What is 7040 (base 12) in base 2?
10111101110000
-11043 (base 5) to base 16
-305
2dd1 (base 14) to base 11
61a2
What is -2221220201 (base 3) in base 12?
-2986a
What is -10004 (base 5) in base 8?
-1165
20562 (base 7) to base 15
1796
What is 1307 (base 10) in base 15?
5c2
-161412 (base 7) to base 10
-31761
119 (base 15) to base 6
1053
What is -1332 (bas